{"id":50,"date":"2017-02-16T18:33:34","date_gmt":"2017-02-16T17:33:34","guid":{"rendered":"http:\/\/kongres-kami.sk\/psychoterapia\/?page_id=50"},"modified":"2025-01-27T13:12:54","modified_gmt":"2025-01-27T12:12:54","slug":"informacie","status":"publish","type":"page","link":"https:\/\/kongres-kami.sk\/psychoterapia\/informacie\/","title":{"rendered":"Inform\u00e1cie"},"content":{"rendered":"<!--themify_builder_content-->\n<div id=\"themify_builder_content-50\" data-postid=\"50\" class=\"themify_builder_content themify_builder_content-50 themify_builder tf_clear\">\n                    <div data-lazy=\"1\" class=\"module_row themify_builder_row tb_m2ng254 tb_first tf_w\">\n                        <div class=\"row_inner col_align_top tb_col_count_1 tf_box tf_rel\">\n                        <div data-lazy=\"1\" class=\"module_column tb-column col-full tb_tgd4254 first\">\n                    <!-- module text -->\n<div class=\"module module-text tb_nlec319   \" data-lazy=\"1\">\n        <div class=\"tb_text_wrap\">\n        <p><strong>Pre\u00adzi\u00addent kon\u00adfe\u00adren\u00adcie<\/strong><br>PhDr. Zita <span class=\"caps\">MICHLEROV\u00c1<\/span> \u2013 pred\u00adsed\u00adn\u00ed\u010d\u00adka Slo\u00adven\u00adskej psy\u00adcho\u00adte\u00adra\u00adpe\u00adutic\u00adkej spolo\u010dnosti<\/p>\n<p><strong>\u010cest\u00adn\u00e9 pred\u00adsed\u00adn\u00edc\u00adtvo<\/strong><br>PhDr. Zita Mich\u00adle\u00adro\u00adv\u00e1 \u2013 pred\u00adsed\u00adn\u00ed\u010d\u00adka <span class=\"caps\">SPS<\/span><br>MUDr. Igor Kun\u00addr\u00e1t \u2013 pod\u00adpred\u00adse\u00adda Slo\u00adven\u00adskej psy\u00adcho\u00adte\u00adra\u00adpe\u00adutic\u00adkej spo\u00adlo\u010d\u00adnos\u00adti<br>PhDr. Hana \u0160\u010dib\u00adra\u00adny\u00ado\u00adv\u00e1 \u2013 pre\u00adde\u00adsed\u00adn\u00ed\u010d\u00adka Slo\u00adven\u00adsk\u00e9\u00adho in\u0161ti\u00adt\u00fa\u00adtu pre vzde\u00adl\u00e1\u00adva\u00adnie v&nbsp;psychoterapii<br><br><\/p>\n<p><strong>Prog\u00adra\u00admo\u00adv\u00fd v\u00fdbor kon\u00adfe\u00adren\u00adcie<img loading=\"lazy\" decoding=\"async\" class=\"alignright wp-image-401 \" src=\"http:\/\/kongres-kami.sk\/psychoterapia\/wp-content\/uploads\/GettyImages-1267194552-1024x1024.jpg\" alt width=\"526\" height=\"526\" srcset=\"https:\/\/kongres-kami.sk\/psychoterapia\/wp-content\/uploads\/GettyImages-1267194552-1024x1024.jpg 1024w, https:\/\/kongres-kami.sk\/psychoterapia\/wp-content\/uploads\/GettyImages-1267194552-300x300.jpg 300w, https:\/\/kongres-kami.sk\/psychoterapia\/wp-content\/uploads\/GettyImages-1267194552-150x150.jpg 150w, https:\/\/kongres-kami.sk\/psychoterapia\/wp-content\/uploads\/GettyImages-1267194552-768x768.jpg 768w, https:\/\/kongres-kami.sk\/psychoterapia\/wp-content\/uploads\/GettyImages-1267194552-500x500.jpg 500w, https:\/\/kongres-kami.sk\/psychoterapia\/wp-content\/uploads\/GettyImages-1267194552.jpg 1200w\" sizes=\"auto, (max-width: 526px) 100vw, 526px\"><\/strong><br>Mgr. R\u00f3bert Uhn\u00e1k<br>Mgr. Vla\u00addi\u00adm\u00edr Ham\u00adb\u00e1\u00adlek<br>Mgr. Klau\u00addia Trojanov\u00e1<\/p>\n<p><strong>Orga\u00adni\u00adza\u010d\u00adn\u00fd v\u00fdbor kon\u00adfe\u00adren\u00adcie<\/strong><br>PhDr. Zita Mich\u00adle\u00adro\u00adv\u00e1<br>Mgr. Ive\u00adta Ben\u00adko<br>Mgr. Vie\u00adra Cvi\u00adko\u00adv\u00e1, PhD.<br>MUDr. Daniel Ralaus<br>PhDr. Anna Balgov\u00e1<\/p>\n<p><strong style=\"font-size: 20px;\">Pozva\u00adn\u00ed hos\u00adtia<br><\/strong>Jon Fre\u00adde\u00adrick\u00adson, <span class=\"caps\">MSW<\/span><br>Dr. Med. Rena\u00adte Sann\u00adwald<br>Una McC\u00adlus\u00adkey,&nbsp;PhD<\/p>    <\/div>\n<\/div>\n<!-- \/module text --><!-- module text -->\n<div class=\"module module-text tb_rlxs454   \" data-lazy=\"1\">\n        <div class=\"tb_text_wrap\">\n        <hr>\n<h3><span class=\"caps\">JON<\/span> <span class=\"caps\">FREDERICKSON<\/span>, <span class=\"caps\">MSW<\/span><\/h3>\n<p style=\"text-align: justify;\"><img loading=\"lazy\" decoding=\"async\" class=\"size-full wp-image-475 alignleft\" src=\"https:\/\/kongres-kami.sk\/psychoterapia\/wp-content\/uploads\/Jon-Frederickson.png\" alt width=\"180\" height=\"180\" srcset=\"https:\/\/kongres-kami.sk\/psychoterapia\/wp-content\/uploads\/Jon-Frederickson.png 180w, https:\/\/kongres-kami.sk\/psychoterapia\/wp-content\/uploads\/Jon-Frederickson-150x150.png 150w\" sizes=\"auto, (max-width: 180px) 100vw, 180px\">P\u00f4so\u00adb\u00ed ako psy\u00adcho\u00adte\u00adra\u00adpe\u00adut vo Was\u00adhing\u00adto\u00adne, D. C.&nbsp;Je zakla\u00adda\u00adte\u00ad\u013eom In\u0161ti\u00adt\u00fa\u00adtu kr\u00e1t\u00adko\u00addo\u00adbej&nbsp;psy\u00adcho\u00addy\u00adna\u00admic\u00adkej psy\u00adcho\u00adte\u00adra\u00adpie a&nbsp;\u010dle\u00adnom fakul\u00adty&nbsp;vzde\u00adl\u00e1\u00adva\u00adcie\u00adho prog\u00adra\u00admu <span class=\"caps\">ISTDP<\/span> na Was\u00adhing\u00adton&nbsp;Scho\u00adol of Psy\u00adchiat\u00adry, kde p\u00f4so\u00adb\u00ed od roku 1988.&nbsp;Jon vedie nie\u00adko\u013e\u00adko vy\u0301\u00adcvi\u00adko\u00advy\u00ad\u0301ch sku\u00adp\u00edn <span class=\"caps\">ISTDP<\/span> vo \u0160v\u00e9d\u00adsku, D\u00e1n\u00adsku, N\u00f3r\u00adsku, Po\u013e\u00adsku,&nbsp;Holand\u00adsku, Talian\u00adsku, Indii, Ir\u00e1\u00adne, Aus\u00adtr\u00e1\u00adlii, Kana\u00adde a&nbsp;<span class=\"caps\">USA<\/span>. Vo svo\u00adjich pre\u00adzen\u00adt\u00e1\u00adci\u00e1ch&nbsp;a&nbsp;semi\u00adn\u00e1\u00adroch pra\u00adcu\u00adje s&nbsp;video\u00adnah\u00adr\u00e1v\u00adka\u00admi svo\u00adjich psy\u00adcho\u00adte\u00adra\u00adpe\u00adutic\u00adky\u00ad\u0301ch sede\u00adn\u00ed, aby&nbsp;tera\u00adpe\u00aduti mali mo\u017e\u00adnos\u0165 vidie\u0165 a&nbsp;u\u010di\u0165 sa pou\u00ad\u017e\u00ed\u00adva\u0165 efek\u00adt\u00edv\u00adne inter\u00adven\u00adcie u&nbsp;\u0161iro\u00adkej \u0161k\u00e1\u00adly&nbsp;pacien\u00adtov.&nbsp;Je auto\u00adrom vy\u0161e p\u00e4\u0165\u00adde\u00adsia\u00adtich pub\u00adli\u00adko\u00adva\u00adny\u00ad\u0301ch odbor\u00adny\u00ad\u0301ch \u010dl\u00e1n\u00adkov a&nbsp;nie\u00adko\u013e\u00adky\u00ad\u0301ch kn\u00edh&nbsp;vr\u00e1\u00adta\u00adne Psy\u00adcho\u00addy\u00adna\u00admic psy\u00adchot\u00adhe\u00adra\u00adpy: <em>Lear\u00adning to Lis\u00adten from Mul\u00adtip\u00adle Per\u00adspec\u00adti\u00adves<\/em>&nbsp;(v \u010des\u00adkom pre\u00adkla\u00adde <em>Psy\u00adcho\u00addy\u00adna\u00admic\u00adk\u00e1 psy\u00adcho\u00adte\u00adra\u00adpie: Jak dob\u0159e naslou\u00adchat<\/em>; Tri\u00adton&nbsp;2004), <em>The Lies We Tell Our\u00adsel\u00adves (L\u017ei, kto\u00adr\u00e9 si hovo\u00adr\u00ed\u00adme), Co-Cre\u00ada\u00adting Chan\u00adge<\/em>&nbsp;(v slo\u00adven\u00adskom pre\u00adkla\u00adde<em> Spo\u00adlo\u010d\u00adn\u00e9 vytv\u00e1\u00adra\u00adnie zme\u00adny<\/em>; Eur\u00f3\u00adpa 2020), <em>Co-Cre\u00ada\u00adting Safe\u00adty: Hea\u00adling the Fra\u00adgi\u00adle Patient (Spo\u00adlu\u00advyt\u00adv\u00e1\u00adra\u00adnie bez\u00adpe\u010d\u00adnos\u00adti: lie\u00ad\u010de\u00adnie fra\u00adgil\u00adn\u00e9\u00adho pacien\u00adta)<\/em>. Kni\u00adha Co-cre\u00ada\u00adting chan\u00adge z\u00eds\u00adka\u00adla v&nbsp;roku 2014 prv\u00fa cenu v&nbsp;oblas\u00adti&nbsp;psy\u00adchiat\u00adrie v&nbsp;r\u00e1m\u00adci Bri\u00adtish Medi\u00adcal Asso\u00adcia\u00adti\u00adon Book Awards.<\/p>\n<hr>\n<h3><span class=\"caps\">DR<\/span>. <span class=\"caps\">MED<\/span>. <span class=\"caps\">RENATE<\/span> <span class=\"caps\">SANNWALD<\/span><\/h3>\n<p style=\"text-align: justify;\"><img loading=\"lazy\" decoding=\"async\" class=\"size-full wp-image-477 alignleft\" src=\"https:\/\/kongres-kami.sk\/psychoterapia\/wp-content\/uploads\/Renate-Sannwald.png\" alt width=\"181\" height=\"181\" srcset=\"https:\/\/kongres-kami.sk\/psychoterapia\/wp-content\/uploads\/Renate-Sannwald.png 181w, https:\/\/kongres-kami.sk\/psychoterapia\/wp-content\/uploads\/Renate-Sannwald-150x150.png 150w\" sizes=\"auto, (max-width: 181px) 100vw, 181px\">Pediat\u00adric\u00adka a&nbsp;psy\u00adcho\u00adte\u00adra\u00adpe\u00adut\u00adka pre deti&nbsp;a&nbsp;ml\u00e1\u00adde\u017e v&nbsp;s\u00fakrom\u00adnej pra\u00adxi. Je vy\u0301\u00adcvi\u00adko\u00advou&nbsp;docent\u00adkou v&nbsp;ana\u00adly\u00adtic\u00adkej psy\u00adcho\u00adte\u00adra\u00adpii v&nbsp;<span class=\"caps\">DGPT<\/span> <span class=\"caps\">BIPP<\/span>,&nbsp;docent\u00adkou <span class=\"caps\">KIP<\/span>, pod\u00adpred\u00adsed\u00adky\u00adnou pre dal\u00ad\u0161ie&nbsp;vzde\u00adl\u00e1\u00adva\u00adnie v&nbsp;hlbin\u00adnej psy\u00adcho\u00adte\u00adra\u00adpii zame\u00adra\u00adnej&nbsp;na deti a&nbsp;ml\u00e1\u00adde\u017e v&nbsp;Ber\u00adl\u00ed\u00adne, docent\u00adkou&nbsp;a&nbsp;super\u00adv\u00ed\u00adzor\u00adkou v&nbsp;<span class=\"caps\">BAP<\/span>, <span class=\"caps\">MAPP<\/span>, <span class=\"caps\">ZAP<\/span> a&nbsp;<span class=\"caps\">KPMB<\/span>.<\/p>\n<p style=\"text-align: justify;\">&nbsp;<\/p>\n<p>&nbsp;<\/p>\n<hr>\n<h3><span class=\"caps\">UNA<\/span> McCLUSKEY, PhD<\/h3>\n<p style=\"text-align: justify;\"><img loading=\"lazy\" decoding=\"async\" class=\"alignleft wp-image-786 size-full\" src=\"https:\/\/kongres-kami.sk\/psychoterapia\/wp-content\/uploads\/Una-McCluskey.png\" alt width=\"180\" height=\"180\" srcset=\"https:\/\/kongres-kami.sk\/psychoterapia\/wp-content\/uploads\/Una-McCluskey.png 180w, https:\/\/kongres-kami.sk\/psychoterapia\/wp-content\/uploads\/Una-McCluskey-150x150.png 150w\" sizes=\"auto, (max-width: 180px) 100vw, 180px\"><\/p>\n<p style=\"text-align: justify;\">Una McC\u00adlus\u00adkey, PhD, je b\u00fdva\u00adlou ved\u00fa\u00adcou v\u00fdskum\u00adnou pra\u00adcov\u00adn\u00ed\u010d\u00adkou na Uni\u00adver\u00adsi\u00adty of York a&nbsp;kli\u00adnic\u00adkou \u010dlen\u00adkou <span class=\"caps\">UKCP<\/span>, kto\u00adr\u00e1 v&nbsp;s\u00fa\u010das\u00adnos\u00adti \u0161ko\u00adl\u00ed odbor\u00adn\u00ed\u00adkov v&nbsp;pom\u00e1\u00adha\u00adj\u00fa\u00adcich pro\u00adfe\u00adsi\u00e1ch v&nbsp;oblas\u00adti kli\u00adnic\u00adkej apli\u00adk\u00e1\u00adcie te\u00f3rie vz\u0165a\u00adho\u00advej v\u00e4z\u00adby.<br>Zn\u00e1\u00adma je naj\u00adm\u00e4 v\u010fa\u00adka v\u00fdsku\u00admu emo\u010d\u00adn\u00e9\u00adho vyla\u00adde\u00adnia v&nbsp;oblas\u00adti psy\u00adcho\u00adte\u00adra\u00adpie dospe\u00adl\u00fdch.<br>Na n\u00e1rod\u00adnej i&nbsp;medzi\u00adn\u00e1\u00adrod\u00adnej \u00farov\u00adni sa pre\u00adsl\u00e1\u00advi\u00adla za svoj pr\u00ed\u00adnos do te\u00f3rie a&nbsp;pra\u00adxe v&nbsp;s\u00favis\u00adlos\u00adti s&nbsp;dyna\u00admi\u00adkou vz\u0165a\u00adho\u00advej v\u00e4z\u00adby v&nbsp;dospe\u00adlos\u00adti.<br>Vyvi\u00adnu\u00adla kli\u00adnic\u00adk\u00fa apli\u00adk\u00e1\u00adciu te\u00f3rie vz\u0165a\u00adho\u00advej v\u00e4z\u00adby vyu\u017ei\u00adte\u013e\u00adn\u00fa pre jed\u00adnot\u00adliv\u00adcov, p\u00e1ry, rodi\u00adny, sku\u00adpi\u00adny a&nbsp;orga\u00adni\u00adz\u00e1\u00adcie zn\u00e1\u00admu ako \u201eMcC\u00adlus\u00adkey&nbsp;model\u201c.<\/p>\n<hr>    <\/div>\n<\/div>\n<!-- \/module text -->        <\/div>\n                        <\/div>\n        <\/div>\n        <\/div>\n<!--\/themify_builder_content-->","protected":false},"excerpt":{"rendered":"<p>Pre\u00adzi\u00addent kon\u00adfe\u00adren\u00adciePhDr. Zita <span class=\"caps\">MICHLEROV\u00c1<\/span> \u2013 pred\u00adsed\u00adn\u00ed\u010d\u00adka Slo\u00adven\u00adskej psy\u00adcho\u00adte\u00adra\u00adpe\u00adutic\u00adkej spo\u00adlo\u010d\u00adnos\u00adti \u010cest\u00adn\u00e9 pred\u00adsed\u00adn\u00edc\u00adtvoPhDr. Zita Mich\u00adle\u00adro\u00adv\u00e1 \u2013 pred\u00adsed\u00adn\u00ed\u010d\u00adka SPS\u00adMUDr. Igor Kun\u00addr\u00e1t \u2013 pod\u00adpred\u00adse\u00adda Slo\u00adven\u00adskej psy\u00adcho\u00adte\u00adra\u00adpe\u00adutic\u00adkej spo\u00adlo\u010d\u00adnos\u00adtiPhDr. Hana \u0160\u010dib\u00adra\u00adny\u00ado\u00adv\u00e1 \u2013 pre\u00adde\u00adsed\u00adn\u00ed\u010d\u00adka Slo\u00adven\u00adsk\u00e9\u00adho in\u0161ti\u00adt\u00fa\u00adtu pre <a href=\"https:\/\/kongres-kami.sk\/psychoterapia\/informacie\/\" class=\"more-link\">[\u2026]<\/a><\/p>\n","protected":false},"author":1,"featured_media":0,"parent":0,"menu_order":1,"comment_status":"closed","ping_status":"closed","template":"","meta":{"wp_typography_post_enhancements_disabled":false,"Layout":"1c","footnotes":""},"class_list":["entry","author-lucian-cmorej","post-50","page","type-page","status-publish"],"_links":{"self":[{"href":"https:\/\/kongres-kami.sk\/psychoterapia\/wp-json\/wp\/v2\/pages\/50","targetHints":{"allow":["GET"]}}],"collection":[{"href":"https:\/\/kongres-kami.sk\/psychoterapia\/wp-json\/wp\/v2\/pages"}],"about":[{"href":"https:\/\/kongres-kami.sk\/psychoterapia\/wp-json\/wp\/v2\/types\/page"}],"author":[{"embeddable":true,"href":"https:\/\/kongres-kami.sk\/psychoterapia\/wp-json\/wp\/v2\/users\/1"}],"replies":[{"embeddable":true,"href":"https:\/\/kongres-kami.sk\/psychoterapia\/wp-json\/wp\/v2\/comments?post=50"}],"version-history":[{"count":5,"href":"https:\/\/kongres-kami.sk\/psychoterapia\/wp-json\/wp\/v2\/pages\/50\/revisions"}],"predecessor-version":[{"id":871,"href":"https:\/\/kongres-kami.sk\/psychoterapia\/wp-json\/wp\/v2\/pages\/50\/revisions\/871"}],"wp:attachment":[{"href":"https:\/\/kongres-kami.sk\/psychoterapia\/wp-json\/wp\/v2\/media?parent=50"}],"curies":[{"name":"wp","href":"https:\/\/api.w.org\/{rel}","templated":true}]}}