{"id":81,"date":"2017-02-17T09:55:16","date_gmt":"2017-02-17T08:55:16","guid":{"rendered":"http:\/\/kongres-kami.sk\/psychoterapia\/?page_id=81"},"modified":"2025-06-06T10:51:53","modified_gmt":"2025-06-06T08:51:53","slug":"e-postery","status":"publish","type":"page","link":"https:\/\/kongres-kami.sk\/psychoterapia\/e-postery\/","title":{"rendered":"E\u2011postery"},"content":{"rendered":"<!--themify_builder_content-->\n<div id=\"themify_builder_content-81\" data-postid=\"81\" class=\"themify_builder_content themify_builder_content-81 themify_builder tf_clear\">\n                    <div data-lazy=\"1\" class=\"module_row themify_builder_row tb_gaff318 tb_first tf_w\">\n                        <div class=\"row_inner col_align_top tb_col_count_1 tf_box tf_rel\">\n                        <div data-lazy=\"1\" class=\"module_column tb-column col-full tb_1tw7318 first\">\n                    <!-- module box -->\n<div class=\"module module-box tb_m6yt572 \" data-lazy=\"1\">\n    <div class=\"module-box-content ui  tb_default_color\">\n                <div class=\"tb_text_wrap\"><p style=\"font-weight: 400; text-align: center;\"><strong>E\u2011postery bud\u00fa zve\u00adrej\u00adne\u00adn\u00e9 len v&nbsp;elek\u00adtro\u00adnic\u00adkej for\u00adme na str\u00e1n\u00adke kon\u00adfe\u00adren\u00adcie.<br><\/strong><strong>Na mies\u00adte kona\u00adnia sa nebu\u00add\u00fa pre\u00adzen\u00adto\u00adva\u0165, ani k&nbsp;nim nepre\u00adbeh\u00adne diskusia.<\/strong><\/p><\/div>\n    <\/div>\n<\/div>\n<!-- \/module box -->\n        <\/div>\n                        <\/div>\n        <\/div>\n                        <div data-lazy=\"1\" class=\"module_row themify_builder_row tb_l6fa186 tf_w\">\n                        <div class=\"row_inner col_align_top tb_col_count_1 tf_box tf_rel\">\n                        <div data-lazy=\"1\" class=\"module_column tb-column col-full tb_l9nk187 first\">\n                    <!-- module text -->\n<div class=\"module module-text tb_c3y5991   \" data-lazy=\"1\">\n    <h3 class=\"module-title\">Zoznam e\u2011posterov<\/h3>    <div class=\"tb_text_wrap\">\n        <p><b><i><a href=\"https:\/\/kongres-kami.sk\/psychoterapia\/wp-content\/uploads\/Cvikova-V.-Karabova-D.-Brandoburova-P.pdf\">St\u00e1\u00adva\u00adnie sa psy\u00adcho\u00adte\u00adra\u00adpe\u00adutom: pred\u00adsta\u00adve\u00adnie medzi\u00adn\u00e1\u00adro\u00addej v\u00fdskum\u00adnej ini\u00adcia\u00adt\u00ed\u00advy <span class=\"caps\">SPRISTAD<\/span><\/a><br><\/i><\/b>Cvi\u00adko\u00adv\u00e1 V., Kara\u00adbo\u00adv\u00e1 D., Bran\u00addo\u00adbu\u00adro\u00adv\u00e1&nbsp;P.<\/p>\n<p><b><i><a href=\"https:\/\/kongres-kami.sk\/psychoterapia\/wp-content\/uploads\/Fabik-D.pdf\">Ero\u00adtic\u00adk\u00e9 sny ako zrkad\u00adlo na\u0161ich t\u00fa\u017eob<\/a><br><\/i><\/b>F\u00e1bik D., Szen\u00adti\u00adv\u00e1\u00adny\u00adi\u00adov\u00e1&nbsp;L.<\/p>\n<p><b><i><a href=\"https:\/\/kongres-kami.sk\/psychoterapia\/wp-content\/uploads\/Hvizdosova-Bartkova-G.-Piliarova-M.pdf\">Auto\u00adpor\u00adtr\u00e9t ako odraz emo\u00adci\u00adon\u00e1l\u00adne\u00adho sta\u00advu v&nbsp;arte\u00adra\u00adpii<\/a><br><\/i><\/b>Hviz\u00addo\u00ad\u0161o\u00adv\u00e1-Bart\u00adko\u00adv\u00e1 G., Pilia\u00adro\u00adv\u00e1&nbsp;M.<\/p>\n<p><a href=\"https:\/\/kongres-kami.sk\/psychoterapia\/wp-content\/uploads\/Kurilla-A.pdf\"><b><i>\u00da\u010din\u00adnos\u0165 eko\u00adlo\u00adgic\u00adk\u00e9\u00adho momen\u00adt\u00e1l\u00adne\u00adho hod\u00adno\u00adte\u00adnia a&nbsp;eko\u00adlo\u00adgic\u00adk\u00fdch momen\u00adt\u00e1l\u00adnych inter\u00adven\u00adci\u00ed v&nbsp;lie\u010d\u00adbe l\u00e1t\u00adko\u00adv\u00fdch z\u00e1vis\u00adlos\u00adt\u00ed: Sys\u00adte\u00adma\u00adtic\u00adk\u00fd pre\u00adh\u013ead lite\u00adra\u00adt\u00fa\u00adry<\/i><\/b><\/a><b><i><br><\/i><\/b>Kuril\u00adla&nbsp;A.<\/p>\n<p><b><i><a href=\"https:\/\/kongres-kami.sk\/psychoterapia\/wp-content\/uploads\/Maderova-D.pdf\">Boles\u0165 v&nbsp;zrkad\u00adle psy\u00adcho\u00adso\u00adma\u00adti\u00adky a&nbsp;psy\u00adcho\u00adte\u00adra\u00adpie zame\u00adra\u00adnej na telo<\/a><br><\/i><\/b>Made\u00adro\u00adv\u00e1&nbsp;D.<\/p>\n<p><b><i><a href=\"https:\/\/kongres-kami.sk\/psychoterapia\/wp-content\/uploads\/Martinkova-E.pdf\">Indi\u00advi\u00addu\u00ad\u00e1l\u00adny pl\u00e1n ako pries\u00adtor pre ref\u00adle\u00adxiu a&nbsp;seba\u00adref\u00adle\u00adxiu v&nbsp;<span class=\"caps\">DPS<\/span><\/a><br><\/i><\/b>Mar\u00adt\u00edn\u00adko\u00adv\u00e1&nbsp;E.<\/p>\n<p><b><i>Walk-and-talk: ces\u00adta k&nbsp;ref\u00adle\u00adxii a&nbsp;seba\u00adref\u00adle\u00adxii psy\u00adcho\u00adte\u00adra\u00adpe\u00aduta<br><\/i><\/b>Mate\u00adjo\u00adv\u00e1&nbsp;K.<\/p>\n<p><a href=\"https:\/\/kongres-kami.sk\/psychoterapia\/wp-content\/uploads\/Petreje-S.-Krakovska-S.-Brandoburova-P.pdf\"><b><i>Osa\u00adme\u00adl\u00ed a&nbsp;soci\u00e1l\u00adne izo\u00adlo\u00adva\u00adn\u00ed na Slo\u00adven\u00adsku: pred\u00adsta\u00adve\u00adnie v\u00fdskum\u00adn\u00e9\u00adho pro\u00adjek\u00adtu <span class=\"caps\">DISCONNECT<\/span><\/i><\/b><\/a><b><i><br><\/i><\/b>Pet\u00adre\u00adje S., Kra\u00adkov\u00adsk\u00e1 S., Bran\u00addo\u00adbu\u00adro\u00adv\u00e1&nbsp;P.<\/p>\n<p><a href=\"https:\/\/kongres-kami.sk\/psychoterapia\/wp-content\/uploads\/Soucek_Vanova_2025.pdf\"><b><i>Psy\u00adcho\u00adte\u00adra\u00adpe\u00adutic\u00adk\u00e1 pomoc v&nbsp;cen\u00adtr\u00e1ch pora\u00adden\u00adstva a&nbsp;pre\u00adven\u00adcie v&nbsp;ref\u00adle\u00adxii troch psy\u00adcho\u00adlo\u00adgi\u00ad\u010diek<\/i><\/b><\/a><b><i><br><\/i><\/b>Sou\u00ad\u010dek Va\u0148o\u00adv\u00e1&nbsp;M.<\/p>\n<p><b><i>Seba\u00adref\u00adle\u00adxia cez moti\u00adva\u010d\u00adn\u00e9 roz\u00adho\u00advo\u00adry<br><\/i><\/b>\u0160pa\u00adle\u00adko\u00adv\u00e1&nbsp;M.<\/p>\n<p><b><i><a href=\"https:\/\/kongres-kami.sk\/psychoterapia\/wp-content\/uploads\/Susorova-S.pdf\">V\u0161e\u00admo\u00adh\u00fa\u00adci a&nbsp;v\u0161e\u00adve\u00addia\u00adci<\/a><br><\/i><\/b>\u0160u\u0161o\u00adro\u00adv\u00e1&nbsp;S.<\/p>\n<p><b><i><a href=\"https:\/\/kongres-kami.sk\/psychoterapia\/wp-content\/uploads\/Zitniakova_2025.pptx\">Vyu\u017ei\u00adtie tane\u010d\u00adno-pohy\u00adbo\u00advej tera\u00adpie pri pr\u00e1\u00adci s&nbsp;dep\u00adre\u00ads\u00edv\u00adny\u00admi pacien\u00adta\u00admi<\/a><br><\/i><\/b>\u017dit\u00adnia\u00adko\u00adv\u00e1 Gur\u00adgo\u00adv\u00e1&nbsp;B.<\/p>    <\/div>\n<\/div>\n<!-- \/module text -->        <\/div>\n                        <\/div>\n        <\/div>\n        <\/div>\n<!--\/themify_builder_content-->","protected":false},"excerpt":{"rendered":"<p>E\u2011postery bud\u00fa zve\u00adrej\u00adne\u00adn\u00e9 len v&nbsp;elek\u00adtro\u00adnic\u00adkej for\u00adme na str\u00e1n\u00adke kon\u00adfe\u00adren\u00adcie.Na mies\u00adte kona\u00adnia sa nebu\u00add\u00fa pre\u00adzen\u00adto\u00adva\u0165, ani k&nbsp;nim nepre\u00adbeh\u00adne dis\u00adku\u00adsia. Zoznam e\u2011posterov St\u00e1\u00adva\u00adnie sa psy\u00adcho\u00adte\u00adra\u00adpe\u00adutom: pred\u00adsta\u00adve\u00adnie medzi\u00adn\u00e1\u00adro\u00addej v\u00fdskum\u00adnej ini\u00adcia\u00adt\u00ed\u00advy SPRISTADCvi\u00adko\u00adv\u00e1 V., Kara\u00adbo\u00adv\u00e1 <a href=\"https:\/\/kongres-kami.sk\/psychoterapia\/e-postery\/\" class=\"more-link\">[\u2026]<\/a><\/p>\n","protected":false},"author":1,"featured_media":0,"parent":0,"menu_order":5,"comment_status":"closed","ping_status":"closed","template":"","meta":{"wp_typography_post_enhancements_disabled":false,"Layout":"1c","footnotes":""},"class_list":["entry","author-lucian-cmorej","post-81","page","type-page","status-publish"],"_links":{"self":[{"href":"https:\/\/kongres-kami.sk\/psychoterapia\/wp-json\/wp\/v2\/pages\/81","targetHints":{"allow":["GET"]}}],"collection":[{"href":"https:\/\/kongres-kami.sk\/psychoterapia\/wp-json\/wp\/v2\/pages"}],"about":[{"href":"https:\/\/kongres-kami.sk\/psychoterapia\/wp-json\/wp\/v2\/types\/page"}],"author":[{"embeddable":true,"href":"https:\/\/kongres-kami.sk\/psychoterapia\/wp-json\/wp\/v2\/users\/1"}],"replies":[{"embeddable":true,"href":"https:\/\/kongres-kami.sk\/psychoterapia\/wp-json\/wp\/v2\/comments?post=81"}],"version-history":[{"count":5,"href":"https:\/\/kongres-kami.sk\/psychoterapia\/wp-json\/wp\/v2\/pages\/81\/revisions"}],"predecessor-version":[{"id":1012,"href":"https:\/\/kongres-kami.sk\/psychoterapia\/wp-json\/wp\/v2\/pages\/81\/revisions\/1012"}],"wp:attachment":[{"href":"https:\/\/kongres-kami.sk\/psychoterapia\/wp-json\/wp\/v2\/media?parent=81"}],"curies":[{"name":"wp","href":"https:\/\/api.w.org\/{rel}","templated":true}]}}